{"id":25,"date":"2024-03-04T19:00:22","date_gmt":"2024-03-04T18:00:22","guid":{"rendered":"https:\/\/canvaslearn.com\/index.php\/home\/"},"modified":"2024-03-04T22:37:03","modified_gmt":"2024-03-04T21:37:03","slug":"home","status":"publish","type":"page","link":"https:\/\/canvaslearn.com\/","title":{"rendered":"\u00bfQue es Canva?"},"content":{"rendered":"\n<p><\/p>\n\n\n\n<figure class=\"wp-block-image size-large is-resized\"><img loading=\"lazy\" decoding=\"async\" width=\"1024\" height=\"576\" src=\"https:\/\/canvaslearn.com\/wp-content\/uploads\/2024\/03\/canva-scaled-1-1024x576.jpg\" alt=\"\u00bfQu\u00e9 es Canva?\" class=\"wp-image-58\" style=\"width:533px;height:auto\" srcset=\"https:\/\/canvaslearn.com\/wp-content\/uploads\/2024\/03\/canva-scaled-1-1024x576.jpg 1024w, https:\/\/canvaslearn.com\/wp-content\/uploads\/2024\/03\/canva-scaled-1-300x169.jpg 300w, https:\/\/canvaslearn.com\/wp-content\/uploads\/2024\/03\/canva-scaled-1-768x432.jpg 768w, https:\/\/canvaslearn.com\/wp-content\/uploads\/2024\/03\/canva-scaled-1-1536x864.jpg 1536w, https:\/\/canvaslearn.com\/wp-content\/uploads\/2024\/03\/canva-scaled-1-2048x1152.jpg 2048w, https:\/\/canvaslearn.com\/wp-content\/uploads\/2024\/03\/canva-scaled-1-1280x720.jpg 1280w\" sizes=\"(max-width: 1024px) 100vw, 1024px\" \/><\/figure>\n\n\n\n<p><br>\u00bfQu\u00e9 es Canva? Es una plataforma de dise\u00f1o gr\u00e1fico y comunicaci\u00f3n visual en l\u00ednea. Se fund\u00f3 en 2013 con la misi\u00f3n de hacer que el dise\u00f1o gr\u00e1fico sea accesible para todos. Adem\u00e1s, sin tener en cuenta de su experiencia o nivel de habilidad.<\/p>\n\n\n\n<p>Canva ofrece una amplia gama de herramientas y funciones que permiten a los usuarios crear una variedad de dise\u00f1os, incluidos:<\/p>\n\n\n\n<ul>\n<li>Presentaciones<\/li>\n\n\n\n<li>Gr\u00e1ficos para redes sociales<\/li>\n\n\n\n<li>Infograf\u00edas<\/li>\n\n\n\n<li>P\u00f3sters<\/li>\n\n\n\n<li>Folletos<\/li>\n\n\n\n<li>Volantes<\/li>\n\n\n\n<li>Y m\u00e1s<\/li>\n<\/ul>\n\n\n\n<p>Canva tambi\u00e9n tiene una interfaz de usuario simple e intuitiva, lo que la hace f\u00e1cil de usar para personas de todos los niveles de experiencia. Tambi\u00e9n ofrece una amplia biblioteca de plantillas y elementos de dise\u00f1o gratuitos, lo que facilita a los usuarios comenzar con sus proyectos.<\/p>\n\n\n\n<p>Adem\u00e1s de sus herramientas de dise\u00f1o, Canva tambi\u00e9n ofrece una variedad de funciones de colaboraci\u00f3n que permiten a los equipos trabajar juntos en proyectos. Estas funciones incluyen la posibilidad de compartir carpetas, comentar en dise\u00f1os y seguir el progreso de los proyectos.<\/p>\n\n\n\n<p>En general, Canvas es una herramienta poderosa y vers\u00e1til que puede ser utilizada por una amplia gama de personas para crear dise\u00f1os profesionales y atractivos.<\/p>\n\n\n\n<p>Canva ha ganado popularidad en los \u00faltimos a\u00f1os debido a su facilidad de uso y a la calidad de los dise\u00f1os. Ya sea que necesites crear una imagen para redes sociales, un p\u00f3ster, una tarjeta de presentaci\u00f3n o un curr\u00edculum vitae. <\/p>\n\n\n\n<p>Canva te ofrece una amplia gama de plantillas y herramientas para que puedas realizar dise\u00f1os sencillos con acabado profesional.<\/p>\n\n\n\n<p>Una de las principales ventajas de <a href=\"https:\/\/www.canva.com\/\" title=\"\">C<\/a><a href=\"https:\/\/www.canva.com\/\" target=\"_blank\" rel=\"noopener\" title=\"\">anvas<\/a> es su interfaz intuitiva y f\u00e1cil de usar. No necesitas tener conocimientos avanzados de dise\u00f1o gr\u00e1fico para poder utilizar esta herramienta. Simplemente debes registrarte en su p\u00e1gina web y comenzar a explorar las diferentes opciones que ofrece. <\/p>\n\n\n\n<p>Puedes elegir entre una amplia variedad de plantillas predise\u00f1adas, que incluyen dise\u00f1os para redes sociales, presentaciones, folletos, tarjetas de visita y mucho m\u00e1s. Una vez que hayas seleccionado una plantilla, puedes personalizarla seg\u00fan tus necesidades. <\/p>\n\n\n\n<p>Continua en &#8220;<a href=\"https:\/\/canvaslearn.com\/index.php\/2024\/03\/04\/descubre-canva-y-aprende-como-utilizarlo-para-realizar-disenos-sencillos-con-acabado-profesional-2\/\" title=\"Creaci\u00f3n de dise\u00f1os con Canva\">Creaci\u00f3n de dise\u00f1os con Canva<\/a>&#8220;<\/p>\n","protected":false},"excerpt":{"rendered":"<p>\u00bfQu\u00e9 es Canva? Es una plataforma de dise\u00f1o gr\u00e1fico y comunicaci\u00f3n visual en l\u00ednea. Se fund\u00f3 en 2013 con la misi\u00f3n de hacer que el dise\u00f1o gr\u00e1fico sea accesible para todos. Adem\u00e1s, sin tener en cuenta de su experiencia o nivel de habilidad. Canva ofrece una amplia gama de herramientas y funciones que permiten a [&hellip;]<\/p>\n","protected":false},"author":1,"featured_media":0,"parent":0,"menu_order":0,"comment_status":"closed","ping_status":"closed","template":"","meta":{"footnotes":""},"aioseo_notices":[],"_links":{"self":[{"href":"https:\/\/canvaslearn.com\/index.php\/wp-json\/wp\/v2\/pages\/25"}],"collection":[{"href":"https:\/\/canvaslearn.com\/index.php\/wp-json\/wp\/v2\/pages"}],"about":[{"href":"https:\/\/canvaslearn.com\/index.php\/wp-json\/wp\/v2\/types\/page"}],"author":[{"embeddable":true,"href":"https:\/\/canvaslearn.com\/index.php\/wp-json\/wp\/v2\/users\/1"}],"replies":[{"embeddable":true,"href":"https:\/\/canvaslearn.com\/index.php\/wp-json\/wp\/v2\/comments?post=25"}],"version-history":[{"count":11,"href":"https:\/\/canvaslearn.com\/index.php\/wp-json\/wp\/v2\/pages\/25\/revisions"}],"predecessor-version":[{"id":87,"href":"https:\/\/canvaslearn.com\/index.php\/wp-json\/wp\/v2\/pages\/25\/revisions\/87"}],"wp:attachment":[{"href":"https:\/\/canvaslearn.com\/index.php\/wp-json\/wp\/v2\/media?parent=25"}],"curies":[{"name":"wp","href":"https:\/\/api.w.org\/{rel}","templated":true}]}}